ve r(v).
-11
Let d(y) = -y**3 - 8*y**2 - 8*y - 1. Let v(o) = o**3 + 9*o**2 + 8*o - 4. Let j = -7 - 1. Let h be v(j). Let z = -11 - h. Calculate d(z).
6
Let g(q) = q + 3. Let f(b) = 51*b + 313. Let c be (6/15)/(((-48)/45)/16). Let y be f(c). Calculate g(y).
10
Let d(p) = -p. Let k(c) = 11*c + 1. Let z(r) = -6*d(r) - k(r). Let q = -33 + -169. Let w = 203 + q. Determine z(w).
-6
Let v = 12387 + -3824. Let h(a) = 2*a + 8564*a**3 - 4*a**2 - 1 - 1 - v*a**3. Determine h(3).
-5
Let v(o) = -3*o**3 - 3*o**2 - 4*o - 2. Let m(y) = -y**2 - 19*y + 609. Let b be m(-36). Determine v(b).
64
Suppose 0 = 3*j - 2*c - 10, 4*j + 91 = -5*c + 89. Let k(m) be the third derivative of 1/60*m**5 + m**3 + 21*m**j + 0*m + 1/6*m**4 + 0. Calculate k(-6).
18
Let t(a) = -992*a**2 - 121 + 334*a**2 - 28*a + 326*a**2 + 331*a**2. Give t(-6).
11
Let q = 8 + -5. Suppose 3*y - 6 = y. Suppose 0 = -2*m - 3*h - q - 5, -2*h = -y*m - 12. Let d(a) = a + 4. Calculate d(m).
0
Suppose -2 - 34 = -12*q. Let j be (16 + -14)/(2/q). Let n(r) = 5*r + 4*r**3 - 4 - j*r**3 - 5*r**2 - 2. Give n(4).
-2
Let y = 3264 + -3263. Let g(p) = -p**2 + 1. Calculate g(y).
0
Let m(j) = 37*j - 4. Let w be m(0). Let f(s) = -2 - 3*s**2 - 2*s**3 - 10*s**2 + 23*s**2 - 3*s - 16*s**2. Give f(w).
42
Suppose 266 = 33*l + 35. Let p(j) = -j. Let c(w) = 5*w + 13. Let h(k) = -c(k) - 6*p(k). Give h(l).
-6
Let j be 11 - (-55)/((-275)/95). Let a(k) be the second derivative of -k - 1/2*k**2 - 1/3*k**3 + 0. Determine a(j).
15
Let y(b) = -20*b + 88. Let o be y(-23). Let k = 551 - o. Let j(m) = -9*m - 7. What is j(k)?
-34
Let z(c) = c**2 - 15*c + 8. Let j = -6452 - -6466. What is z(j)?
-6
Let b(f) = f**2 + 6*f + 2. Let w(i) = i + 2. Let x = 76 + -74. Let m be w(x). Suppose -33 = -m*j - 49. Determine b(j).
-6
Let n(j) = 7*j - 3. Let l(y) = 20*y - 9. Let a(q) = 6*l(q) - 17*n(q). Let f = 124 - 107. Suppose 8 = f*z - 43. What is a(z)?
0
Let u(v) be the third derivative of v**6/120 + v**5/60 - v**4/24 - 19*v**3 - 29*v**2 + 2. Let n(s) be the first derivative of u(s). Determine n(-2).
7
Let i(j) be the third derivative of -j**6/120 - j**5/12 - j**4/8 + j**2 + 8466. Suppose 3*z + 4*f = 3, 15 = -2*z + f + 2*f. Determine i(z).
-9
Let q(j) = j**2 - 9*j + 1. Suppose 9*r + 12*r - 147 = 0. Suppose 11*g = r + 59. What is q(g)?
-17
Suppose -33 = -3*o - 8*o. Let w(b) = 11*b - 33. Let i be w(o). Let y(q) = -q**2 - q + 4. What is y(i)?
4
Let x be (-35)/350 + 189/(-10) + 7. Let c(l) = -2*l**3 - 22*l**2 + 18*l - 67. Determine c(x).
5
Let s(l) be the second derivative of l**5/20 + l**3/6 - l**2/2 - 3547*l. Let y(j) = -j - 2. Let d be y(-2). Calculate s(d).
-1
Let w(o) = -77*o - 17. Let a be w(-5). Suppose 8*r = a - 56. Suppose 2*z = 3*q + 17, 2*q - r = 7*q + 2*z. Let j(n) = -n**3 - 6*n**2 + 6*n - 10. Calculate j(q).
-3
Let k(l) be the first derivative of 36 + 5*l - 7/2*l**2. Determine k(1).
-2
Let x(s) = s + 76. Let c be 40 + 20 + -17 + -26. Determine x(c).
93
Let l = -88 + 94. Let o(s) = 3 + 0*s - s + 3*s + l*s - 2*s**2. Suppose -2*b + 11 + 1 = 0. Determine o(b).
-21
Let h(j) = 0*j + 0*j + 6*j + 4*j - 16 - 11*j. Determine h(-5).
-11
Let g(s) = -s**2 + 11*s - 16. Suppose 7*m + 5 - 54 = 0. Give g(m).
12
Let z(x) = -7*x + 206. Suppose 342 = -109*v + 3394. What is z(v)?
10
Let c = 19355 - 19350. Let h(b) = -3*b**2 - 3*b + 15. What is h(c)?
-75
Let i(y) = 4056757*y + 9 + 4056761*y - 8113519*y. Let h be (4/6)/((-2)/24). What is i(h)?
17
Suppose 4*u - 2*u = -4, 4*u = -n - 5. Let r(q) = 2*q - q**n - 299 + 158 + 140 - 5*q**2. Determine r(-4).
-25
Let z(v) = v**3 - 11*v**2 - 10*v - 15. Let g be z(12). Suppose -3*t = -g - 0. Let r(o) = 12*o**3 - 11*o**3 - 4*o**2 + 5 - 9 + 0*o - o. What is r(t)?
-16
Let w(y) be the second derivative of -3*y**5/20 - 5*y**4/3 + 5*y**3/6 + 9*y**2/2 - 1326*y. What is w(-7)?
23
Let n(x) = 2*x**2 - 2*x + 5. Let l(b) = 12*b + 18*b**2 + 106 - 19*b**2 - 23*b. Let w be l(-17). What is n(w)?
29
Let v(s) = s**3 - 6*s**2 + 11*s - 2. Let g = 3660 + -3657. Determine v(g).
4
Let g(t) be the second derivative of -13/6*t**3 + 13/12*t**4 + 1/20*t**5 + t + 7*t**2 + 0. What is g(-14)?
0
Let i(f) = -4 + 45*f**3 - 7*f**2 - 3 - 8*f + 30*f**3 + 5*f**2 - 70*f**3. Determine i(-1).
-6
Let n be 114/(-22) + 88/484. Let u(g) = g**2 - 3*g - 41. Give u(n).
-1
Suppose -4*d + 1519*r = 1524*r - 50, 3*d + 5*r = 45. Let k(w) = 5*w**2 - 4*w + 11. Calculate k(d).
116
Let n(d) = 2*d**2 + 19*d + 45. Let u be n(-9). Let y(x) = -8*x**2 + 287*x + 28. Let w be y(u). Let p(s) = -2*s - 13. Calculate p(w).
3
Let d(z) = 21*z + 91. Let y(w) = 2*w + 8. Let j(l) = -2*d(l) + 23*y(l). Suppose 9*k = -5*t + 5*k - 16, 3*k = 2*t + 11. Determine j(t).
-14
Let a(d) = 538 - 6*d + 4*d - 544. Suppose 0 = -2*t - 4*i - 47 + 57, -5*t + 4*i = -67. Calculate a(t).
-28
Let t(k) = 14*k - 5. Let d = -427 + 422. Let z(p) = -15*p + 4. Let c(y) = d*t(y) - 6*z(y). Calculate c(1).
21
Let m(x) = -66 + 2*x**2 + 2 - 16*x - x**2 + 27 + 0*x**2. Determine m(16).
-37
Let n(v) be the third derivative of v**5/60 - v**4/4 - v**3/2 - 5*v**2 - 207*v. Determine n(5).
-8
Let x be 1/7 + 65/35. Let r(l) = l**2 + 2*l - x*l**2 - 1 - 3 + 10*l. Calculate r(12).
-4
Let f(p) be the second derivative of -p**4/6 + p**3/2 - p. Suppose -2*x - 2*q + 7 = -5*x, 5*x - 4*q = -11. Let i be x/(-18) - (-121)/66. What is f(i)?
-2
Let f(c) = -4*c**2 - c + 3. Suppose 867*y = 865*y + 12. Suppose q - z + y = 3*z, -4*q + z - 9 = 0. Determine f(q).
-11
Let h(z) = -z**2 - 5*z - 3. Suppose -4*q + 5 = -5*c + 1, 3*c - 4*q - 4 = 0. Let l be ((-8)/10)/(c/60). Suppose 9*u - 5*u + l = 0. What is h(u)?
3
Let d(p) be the third derivative of -7*p**6/120 + p**5/60 - p**4/8 - 2*p**3/3 - p**2. Let y be -8 + 147/(-196)*(-2 - 22/3). Give d(y).
7
Let u(n) be the first derivative of -n**4/4 + 17*n**3/3 + 41*n**2/2 - 57*n - 849. Calculate u(19).
0
Let x(i) = 32*i**3 - i**2 + 17*i + 18. Let n(a) = -18*a**3 + a**2 - 9*a - 10. Let o(m) = -7*n(m) - 4*x(m). Determine o(-1).
2
Let n(f) = 15*f. Let c = 717 - 713. Suppose -x - 5*u = -21, c*u - 16 = -0*u. Give n(x).
15
Let w(l) be the second derivative of -17*l**3/6 - 106*l. Give w(-1).
17
Suppose 8 = 22*y - 80. Let s(j) = -31*j + 3 + 1 + 21*j + j**2 - y. Determine s(8).
-16
Let n(x) = -342*x - 25305. Let i be n(-74). Let u(a) = -220*a - 50. Let q(f) = 13*f + 3. Let w(z) = -50*q(z) - 3*u(z). Determine w(i).
30
Let n(o) = -o**2 + 8*o. Let c = 25 + 58. Let v = c + -75. Calculate n(v).
0
Let f(v) = 3*v + 16. Let p be 1676/(-4190) + 43/(-5). What is f(p)?
-11
Let s(n) = -4*n**2 + 243 - 34*n - 173 - 277 + 0*n**2 + 3*n**2. Calculate s(-8).
1
Suppose 0 = 3*b + 257*j - 262*j + 54, 4*b + 3*j + 14 = 0. Let x(i) = -i**2 - 6*i - 11. Give x(b).
-27
Let k(z) = 5*z + 2. Let m(l) = 2*l**2 + 5*l + 5. Let y be m(-3). Let v be y/(-6)*12/(-8). Determine k(v).
12
Let u(v) = 34*v**2 + 1. Suppose 133 = 3*k + 12*b - 7*b, b - 77 = -2*k. Let m be ((-7)/((-42)/k) + -5)*1. Calculate u(m).
35
Let z(v) = -8*v - 35. Let m = -4733 + 4728. Calculate z(m).
5
Suppose 5*f + 176 = 2*x + 152, 0 = 3*x + 2*f + 2. Let s(c) = -c**2 + 49*c - 89. Give s(x).
5
Let v(k) = 0 + k**2 + 183*k - 90*k - 94*k + 1. Let c(x) = -19*x**2 + 8*x - 5. Let p(f) = c(f) + 6*v(f). Calculate p(-1).
-14
Let z(t) be the first derivative of t**4/24 + 3*t**3/2 + 3*t**2/2 + 3. Let s(j) be the second derivative of z(j). Suppose -77*n + 394 = 856. Calculate s(n).
3
Let i(a) be the first derivative of a**3/3 - 13*a**2 + 25*a + 2842. Determine i(24).
-23
Suppose -12*w + 15*w - 21 = 0. Suppose w*a = 13 + 8. Suppose -4*b + 13 = 5*h, 0 = -a*h + 2*b - 4 + 3. Let f(d) = -d**3 + d**2 - 2*d + 1. What is f(h)?
-1
Let i(k) = 163*k**2 - 64*k + 2. Let a(y) = 61*y**2 - 22*y + 1. Let u(t) = 8*a(t) - 3*i(t). Determine u(17).
-15
Let a be 5/12*4 - (-2)/(-3). Let l be (-1)/((44/(-20) - -1) + a). Suppose -l*m = -9*m + 3*m. Let p(z) = z - 5. Determine p(m).
-5
Let o(l) be the second derivative of -l**5/20 - 5*l**4/6 - 8*l**3/3 - 2*l**2 + 1680*l. Give o(-8).
-4
Let g(y) = -y**3 + 5*y + 4. Let m = 3516 + -3513. Let k = 0 + 3. Suppose -2*z = k*i + 6, -z - m = i - 2*i. Determine g(z).
16
Let o(x) = -3 - 897828*x + x**3 - x**2 + 897828*x. Give o(0).
-3
Let c(y) be the third derivative of 29*y**4/24 + 28*y**3 - 50*y**2 - 15. Give c(-6).
-6
Let z(c) = -c**2 - 4*c + 15. Let t = 4964 + -4960. Calculate z(t).
-17
Let x =